{"version":"1.0","type":"rich","width":"560px","height":"140px","title":"Von urbanen Gr\u00fcnfl\u00e4chen zu biodiversen Lebensr\u00e4umen: Interview mit Prof. Valentin Klaus","url":"https:\/\/www.bio-kultur.org\/von-urbanen-gruenflaechen-zu-biodiversen-lebensraeumen-interview-mit-prof-valentin-klaus\/","author_name":"BioKultur","author_url":"https:\/\/www.bio-kultur.org","thumbnail_url":"https:\/\/www.bio-kultur.org\/wp-content\/uploads\/podlove-media\/IMG_7214-scaled.jpg","html":"<iframe width=\"560px\" height=\"140px\" src=\"https:\/\/www.bio-kultur.org\/von-urbanen-gruenflaechen-zu-biodiversen-lebensraeumen-interview-mit-prof-valentin-klaus\/?standalonePlayer\"><\/iframe>"}

Von urbanen Grünflächen zu biodiversen Lebensräumen: Interview mit Prof. Valentin Klaus
